{"id":29513,"date":"2023-10-16T19:48:45","date_gmt":"2023-10-16T19:48:45","guid":{"rendered":"https:\/\/redeportivamx.com\/?page_id=29513"},"modified":"2023-10-16T19:55:32","modified_gmt":"2023-10-16T19:55:32","slug":"apoyamos-tu-negocio","status":"publish","type":"page","link":"https:\/\/redeportivamx.com\/index.php\/apoyamos-tu-negocio\/","title":{"rendered":"APOYAMOS TU NEGOCIO"},"content":{"rendered":"\n<p>En nuestro mundo digital actual, la imagen de tu negocio en las redes sociales es esencial. <strong><em>&#8220;Apoyamos tu Negocio&#8221;<\/em><\/strong> es una campa\u00f1a dise\u00f1ada para ofrecer a tu empresa el impulso que necesita para sobresalir en l\u00ednea. Nuestro objetivo es brindarte dise\u00f1os gr\u00e1ficos personalizados y de alta calidad que reflejen la esencia de tu marca y te ayuden a conectar con tu audiencia de manera efectiva.<\/p>\n\n\n\n<p>Te garantizamos dise\u00f1os gr\u00e1ficos que destacan, atraen y conectan. \u00a1No dejes pasar esta oportunidad para impulsar tu negocio!<\/p>\n\n\n\n<p>Para m\u00e1s informaci\u00f3n, cont\u00e1ctanos hoy mismo para dar el primer paso hacia una presencia en l\u00ednea impactante y un negocio en crecimiento. \u00a1Juntos, llevaremos tu marca al siguiente nivel!<\/p>\n\n\n\n<figure class=\"wp-block-table\"><table><tbody><tr><td><strong>Cont\u00e1ctanos <\/strong><\/td><td><\/td><\/tr><tr><td>Correo electr\u00f3nico<\/td><td><strong>redeportivamx@gmail.com<\/strong><\/td><\/tr><\/tbody><\/table><\/figure>\n\n\n\n<h2 class=\"wp-block-heading\">As\u00ed es nuestro trabajo<\/h2>\n\n\n\n<p>Dise\u00f1os Gr\u00e1ficos para la <a href=\"https:\/\/www.rafeclub.com\/futbolbase\" title=\"Real Academia de Futbol Espa\u00f1ola\">Real Academia de Futbol Espa\u00f1ola<\/a>, una Academia de Futbol para j\u00f3venes futbolistas en la Ciudad de M\u00e9xico.<\/p>\n\n\n\n<figure class=\"wp-block-gallery has-nested-images columns-default is-cropped wp-block-gallery-1 is-layout-flex wp-block-gallery-is-layout-flex\">\n<figure class=\"wp-block-image size-large\"><img fetchpriority=\"high\" decoding=\"async\" width=\"823\" height=\"1024\" data-id=\"29518\" src=\"https:\/\/redeportivamx.com\/wp-content\/uploads\/2023\/10\/1000095919-823x1024.jpg\" alt=\"\" class=\"wp-image-29518\" srcset=\"https:\/\/redeportivamx.com\/wp-content\/uploads\/2023\/10\/1000095919-823x1024.jpg 823w, https:\/\/redeportivamx.com\/wp-content\/uploads\/2023\/10\/1000095919-241x300.jpg 241w, https:\/\/redeportivamx.com\/wp-content\/uploads\/2023\/10\/1000095919-768x955.jpg 768w, https:\/\/redeportivamx.com\/wp-content\/uploads\/2023\/10\/1000095919.jpg 1080w\" sizes=\"(max-width: 823px) 100vw, 823px\" \/><\/figure>\n\n\n\n<figure class=\"wp-block-image size-large\"><img decoding=\"async\" width=\"819\" height=\"1024\" data-id=\"29519\" src=\"https:\/\/redeportivamx.com\/wp-content\/uploads\/2023\/10\/1000089192-819x1024.png\" alt=\"\" class=\"wp-image-29519\" srcset=\"https:\/\/redeportivamx.com\/wp-content\/uploads\/2023\/10\/1000089192-819x1024.png 819w, https:\/\/redeportivamx.com\/wp-content\/uploads\/2023\/10\/1000089192-240x300.png 240w, https:\/\/redeportivamx.com\/wp-content\/uploads\/2023\/10\/1000089192-768x960.png 768w, https:\/\/redeportivamx.com\/wp-content\/uploads\/2023\/10\/1000089192.png 1080w\" sizes=\"(max-width: 819px) 100vw, 819px\" \/><\/figure>\n\n\n\n<figure class=\"wp-block-image size-large\"><img decoding=\"async\" width=\"819\" height=\"1024\" data-id=\"29520\" src=\"https:\/\/redeportivamx.com\/wp-content\/uploads\/2023\/10\/1000089229-819x1024.png\" alt=\"\" class=\"wp-image-29520\" srcset=\"https:\/\/redeportivamx.com\/wp-content\/uploads\/2023\/10\/1000089229-819x1024.png 819w, https:\/\/redeportivamx.com\/wp-content\/uploads\/2023\/10\/1000089229-240x300.png 240w, https:\/\/redeportivamx.com\/wp-content\/uploads\/2023\/10\/1000089229-768x960.png 768w, https:\/\/redeportivamx.com\/wp-content\/uploads\/2023\/10\/1000089229.png 1080w\" sizes=\"(max-width: 819px) 100vw, 819px\" \/><\/figure>\n\n\n\n<figure class=\"wp-block-image size-large\"><img loading=\"lazy\" decoding=\"async\" width=\"819\" height=\"1024\" data-id=\"29522\" src=\"https:\/\/redeportivamx.com\/wp-content\/uploads\/2023\/10\/1000089190-819x1024.png\" alt=\"\" class=\"wp-image-29522\" srcset=\"https:\/\/redeportivamx.com\/wp-content\/uploads\/2023\/10\/1000089190-819x1024.png 819w, https:\/\/redeportivamx.com\/wp-content\/uploads\/2023\/10\/1000089190-240x300.png 240w, https:\/\/redeportivamx.com\/wp-content\/uploads\/2023\/10\/1000089190-768x960.png 768w, https:\/\/redeportivamx.com\/wp-content\/uploads\/2023\/10\/1000089190.png 1080w\" sizes=\"(max-width: 819px) 100vw, 819px\" \/><\/figure>\n\n\n\n<figure class=\"wp-block-image size-large\"><img loading=\"lazy\" decoding=\"async\" width=\"819\" height=\"1024\" data-id=\"29521\" src=\"https:\/\/redeportivamx.com\/wp-content\/uploads\/2023\/10\/1000089268-819x1024.png\" alt=\"\" class=\"wp-image-29521\" srcset=\"https:\/\/redeportivamx.com\/wp-content\/uploads\/2023\/10\/1000089268-819x1024.png 819w, https:\/\/redeportivamx.com\/wp-content\/uploads\/2023\/10\/1000089268-240x300.png 240w, https:\/\/redeportivamx.com\/wp-content\/uploads\/2023\/10\/1000089268-768x960.png 768w, https:\/\/redeportivamx.com\/wp-content\/uploads\/2023\/10\/1000089268.png 1080w\" sizes=\"(max-width: 819px) 100vw, 819px\" \/><\/figure>\n\n\n\n<figure class=\"wp-block-image size-large\"><img loading=\"lazy\" decoding=\"async\" width=\"819\" height=\"1024\" data-id=\"29523\" src=\"https:\/\/redeportivamx.com\/wp-content\/uploads\/2023\/10\/1000089264-819x1024.png\" alt=\"\" class=\"wp-image-29523\" srcset=\"https:\/\/redeportivamx.com\/wp-content\/uploads\/2023\/10\/1000089264-819x1024.png 819w, https:\/\/redeportivamx.com\/wp-content\/uploads\/2023\/10\/1000089264-240x300.png 240w, https:\/\/redeportivamx.com\/wp-content\/uploads\/2023\/10\/1000089264-768x960.png 768w, https:\/\/redeportivamx.com\/wp-content\/uploads\/2023\/10\/1000089264.png 1080w\" sizes=\"(max-width: 819px) 100vw, 819px\" \/><\/figure>\n<\/figure>\n","protected":false},"excerpt":{"rendered":"<p>En nuestro mundo digital actual, la imagen de tu negocio en las redes sociales es esencial. &#8220;Apoyamos tu Negocio&#8221; es una campa\u00f1a dise\u00f1ada para ofrecer a tu empresa el impulso que necesita para sobresalir en l\u00ednea. Nuestro objetivo es brindarte dise\u00f1os gr\u00e1ficos personalizados y de alta calidad que reflejen la esencia de tu marca y [&hellip;]<\/p>\n","protected":false},"author":1,"featured_media":0,"parent":0,"menu_order":3,"comment_status":"closed","ping_status":"closed","template":"","meta":{"_monsterinsights_skip_tracking":false,"_monsterinsights_sitenote_active":false,"_monsterinsights_sitenote_note":"","_monsterinsights_sitenote_category":0,"footnotes":""},"class_list":["post-29513","page","type-page","status-publish","hentry"],"aioseo_notices":[],"jetpack_sharing_enabled":true,"_links":{"self":[{"href":"https:\/\/redeportivamx.com\/index.php\/wp-json\/wp\/v2\/pages\/29513","targetHints":{"allow":["GET"]}}],"collection":[{"href":"https:\/\/redeportivamx.com\/index.php\/wp-json\/wp\/v2\/pages"}],"about":[{"href":"https:\/\/redeportivamx.com\/index.php\/wp-json\/wp\/v2\/types\/page"}],"author":[{"embeddable":true,"href":"https:\/\/redeportivamx.com\/index.php\/wp-json\/wp\/v2\/users\/1"}],"replies":[{"embeddable":true,"href":"https:\/\/redeportivamx.com\/index.php\/wp-json\/wp\/v2\/comments?post=29513"}],"version-history":[{"count":4,"href":"https:\/\/redeportivamx.com\/index.php\/wp-json\/wp\/v2\/pages\/29513\/revisions"}],"predecessor-version":[{"id":29526,"href":"https:\/\/redeportivamx.com\/index.php\/wp-json\/wp\/v2\/pages\/29513\/revisions\/29526"}],"wp:attachment":[{"href":"https:\/\/redeportivamx.com\/index.php\/wp-json\/wp\/v2\/media?parent=29513"}],"curies":[{"name":"wp","href":"https:\/\/api.w.org\/{rel}","templated":true}]}}